321334 a multiple of 7?
False
Is 157858 a multiple of 32?
False
Is 13 a factor of 393822?
True
Is 251 a factor of 86093?
True
Does 50 divide 4620950?
True
Is 4064 a multiple of 13?
False
Is 397 a factor of 174680?
True
Is 1025 a factor of 1213600?
True
Does 3 divide 56785?
False
Does 154 divide 50997?
False
Does 141 divide 4802100?
False
Does 21 divide 507255?
True
Is 75228 a multiple of 52?
False
Is 2441124 a multiple of 756?
True
Is 691848 a multiple of 54?
True
Is 5 a factor of 91203?
False
Is 2761208 a multiple of 136?
True
Is 17 a factor of 320875?
True
Is 42 a factor of 2143233?
False
Is 26 a factor of 55978?
True
Does 18 divide 2486237?
False
Is 23676906 a multiple of 1342?
True
Is 676 a factor of 4495400?
True
Does 288 divide 7770240?
True
Does 155 divide 93609?
False
Is 129 a factor of 9051801?
True
Is 838989 a multiple of 56?
False
Is 2548200 a multiple of 930?
True
Does 139 divide 444237?
False
Is 1335624 a multiple of 114?
True
Is 5 a factor of 52935?
True
Does 71 divide 167877?
False
Does 11 divide 1205729?
False
Does 4 divide 1313067?
False
Is 1471418 a multiple of 34?
True
Is 159 a factor of 2590231?
False
Is 4920828 a multiple of 3?
True
Is 33 a factor of 342936?
True
Is 102 a factor of 1512456?
True
Is 1214 a factor of 1352396?
True
Does 37 divide 5735?
True
Is 313880 a multiple of 10?
True
Is 20 a factor of 74020?
True
Does 8 divide 181585?
False
Is 1506772 a multiple of 29?
False
Is 7 a factor of 1693491?
False
Is 188 a factor of 1400600?
True
Is 141375 a multiple of 145?
True
Is 20916 a multiple of 84?
True
Is 31842 a multiple of 122?
True
Is 21012 a multiple of 69?
False
Is 12 a factor of 1247148?
True
Is 4 a factor of 733576?
True
Does 77 divide 3944787?
True
Does 59 divide 938790?
False
Is 310068 a multiple of 44?
True
Is 24462 a multiple of 333?
False
Is 1037 a factor of 2055334?
True
Is 2776020 a multiple of 20?
True
Is 59 a factor of 4220196?
False
Is 812860 a multiple of 5?
True
Is 51 a factor of 1500481?
False
Is 52455 a multiple of 2?
False
Is 220 a factor of 128260?
True
Does 7 divide 781939?
False
Is 273411 a multiple of 2?
False
Is 18 a factor of 393025?
False
Is 6882552 a multiple of 153?
True
Is 10612241 a multiple of 37?
False
Is 762102 a multiple of 27?
True
Is 25520 a multiple of 22?
True
Is 20033 a multiple of 13?
True
Is 296 a factor of 4416444?
False
Is 4753 a multiple of 5?
False
Is 104 a factor of 315961?
False
Is 10 a factor of 87330?
True
Is 44 a factor of 2466474?
False
Does 12 divide 18618852?
True
Is 173658 a multiple of 281?
True
Is 80 a factor of 780880?
True
Is 213 a factor of 315879?
True
Is 3 a factor of 923580?
True
Is 369 a factor of 2645680?
False
Is 11004210 a multiple of 210?
True
Is 5424585 a multiple of 43?
False
Is 144576 a multiple of 36?
True
Does 73 divide 16635240?
True
Is 19 a factor of 275761?
False
Is 300 a factor of 11917?
False
Is 208 a factor of 11950640?
True
Is 246 a factor of 2943882?
True
Is 54 a factor of 1502365?
False
Is 355480 a multiple of 5?
True
Is 73 a factor of 6645827?
False
Does 9 divide 1891098?
True
Does 134 divide 151018?
True
Does 14 divide 17416684?
False
Is 184 a factor of 889640?
True
Is 676200 a multiple of 120?
True
Does 11 divide 63992?
False
Is 6530584 a multiple of 31?
True
Is 153 a factor of 1440036?
True
Is 254 a factor of 1189523?
False
Does 14 divide 454398?
True
Is 462500 a multiple of 125?
True
Is 54600 a multiple of 200?
True
Is 153 a factor of 1113466?
False
Is 6347 even?
False
Is 15 a factor of 231990?
True
Is 414703 a multiple of 82?
False
Is 557 a factor of 306350?
True
Is 16536 a multiple of 39?
True
Is 802530 a multiple of 185?
True
Does 389 divide 1061581?
True
Is 15 a factor of 79290?
True
Is 160132 a multiple of 7?
True
Is 202247 a multiple of 213?
False
Is 6 a factor of 4400786?
False
Is 13 a factor of 9151?
False
Is 6 a factor of 44508?
True
Is 15 a factor of 2986215?
True
Is 153 a factor of 386631?
True
Does 493 divide 1144746?
True
Does 9 divide 2780?
False
Is 184 a factor of 3292582?
False
Is 51 a factor of 106539?
True
Is 2223050 a multiple of 257?
True
Does 11 divide 1041876?
True
Does 56 divide 1360761?
False
Is 64 a factor of 2153866?
False
Is 3212568 a multiple of 18?
True
Does 9 divide 764028?
True
Does 2 divide 120350?
True
Is 384 a factor of 140544?
True
Is 71813 a multiple of 219?
False
Is 17 a factor of 1119943?
True
Is 209324 a multiple of 172?
True
Is 201584 a multiple of 16?
True
Does 91 divide 822150?
False
Is 86508 a multiple of 2?
True
Is 2024888 a multiple of 508?
True
Is 25449 a multiple of 29?
False
Is 100 a factor of 5189500?
True
Is 17 a factor of 5594139?
True
Is 120 a factor of 1560720?
True
Is 46 a factor of 16452?
False
Does 38 divide 575852?
True
Is 2 a factor of 2487?
False
Does 23 divide 2326027?
False
Does 10 divide 12395780?
True
Is 15 a factor of 1983480?
True
Is 10 a factor of 2749255?
False
Is 2114845 a multiple of 194?
False
Does 5 divide 495013?
False
Is 18 a factor of 253028?
False
Is 10 a factor of 290650?
True
Is 68 a factor of 136204?
True
Does 1113 divide 24038929?
False
Is 412 a factor of 442488?
True
Does 7 divide 2805586?
True
Is 72195 a multiple of 13?
False
Does 12 divide 419245?
False
Is 124600 even?
True
Is 255 a factor of 113679?
False
Does 140 divide 115500?
True
Is 168735 a multiple of 2?
False
Does 152 divide 217968?
True
Does 134 divide 39798?
True
Is 778 a factor of 593614?
True
Is 557 a factor of 52219?
False
Is 14 a factor of 192808?
True
Is 966549 a multiple of 30?
False
Is 8 a factor of 347863?
False
Does 652 divide 8485780?
True
Is 9 a factor of 260167?
False
Does 212 divide 136203?
False
Is 132 a factor of 2580360?
False
Is 1952081 a multiple of 21?
False
Is 14 a factor of 945546?
True
Does 21 divide 79676?
False
Is 796641 a multiple of 65?
False
Is 4547612 a multiple of 4?
True
Does 126 divide 948150?
True
Is 1199016 a multiple of 36?
True
Is 27384 a multiple of 42?
True
Does 25 divide 879045?
False
Is 7053088 a multiple of 74?
True
Is 666160 a multiple of 8?
True
Is 668792 a multiple of 8?
True
Is 10 a factor of 49000?
True
Is 241 a factor of 5366430?
False
Does 151 divide 100415?
True
Is 2 a factor of 237719?
False
Is 4049861 a multiple of 463?
True
Does 13 divide 1170026?
True
Is 22 a factor of 1813007?
False
Does 14 divide 848534?
False
Is 190 a factor of 20833447?
False
Is 201230 a multiple of 258?
False
Is 19 a factor of 34388?
False
Is 89 a factor of 266110?
True
Is 35 a factor of 188065?
False
Is 36 a factor of 172476?
True
Is 16 a factor of 50011?
False
Is 29 a factor of 2278859?
False
Is 5 a factor of 1540570?
True
Is 729606 a multiple of 138?
True
Is 189 a factor of 70939?
False
Is 213000 a multiple of 5?
True
Is 14958504 a multiple of 136?
True
Is 249713 a multiple of 37?
True
Is 306 a factor of 211239?
False
Is 3 a factor of 2625522?
True
Is 115 a factor of 113482?
False
Does 12 divide 468672?
True
Is 280 a factor of 591486?
False
Is 16 a factor of 917564?
False
Does 17 divide 1705775?
False
Is 5 a factor of 12017145?
True
Does 24 divide 526104?
True
Does 27 divide 242055?
True
Does 11 divide 98537?
False
Is 425 a factor of 442943?
False
Is 1205018 a multiple of 38?
True
Does 52 divide 745680?
True
Does 12 divide 10920871?
False
Is 81279 a multiple of 580?
False
Does 55 divide 158233?
False
Is 79818 a multiple of 5?
False
Does 27 divide 70443?
True
Is 17582793 a multiple of 22?
False
Is 254 a factor of 172466?
True
Is 114302 a multiple of 24?
False
Is 29 a factor of 2476107?
True
Is 17 a factor of 2669?
True
Does 64 divide 186880?
True
Is 159082 a multiple of 30?
False
Does 226 divide 541044?
True
Does 54 divide 2754?
True
Is 20141050 a multiple of 66?
False
Does 30 divide 3799440?
True
Is 139100 a multiple of 325?
True
Is 5597970 a multiple of 35?
True
Is 5299863 a multiple of 183?
True
Is 8 a factor of 759953?
False
Does 4 divide 91368?
True
Is 10875273 a multiple of 248?
False
Does 23 divide 21219?
False
Is 42 a factor of 263340?
True
Is 89 a factor of 1535428?
True
Is 591150 a multiple of 350?
True
Is 774074 even?
True
Does 404 divide 2006676?
False
Is 33 a factor of 3567309?
False
Does 16 divide 492420?
False
Does 78 divide 566046?
True
Is 39 a factor of 267618?
True
Is 1827299 a multiple of 19?
False
Is 829946 a multiple of 233?
True
Does 74 div